 be (2/7)/(((-5)/35)/(-1)). Let a(y) = -11*y + 3*y**q - y**2 + 7*y - y**2. Calculate a(4).
0
Suppose -4*m = -30 - 6. Let o(a) = 2*a**2 + 9*a + 1 - 16*a + m*a. Calculate o(2).
13
Let j(r) be the third derivative of r**6/12 + r**5/30 - r**3/6 - 31*r**2 - 3. Calculate j(-1).
-9
Let f(v) be the third derivative of v**4/24 + v**3/6 + v**2. Suppose -279*b - 19*b - 1114 - 78 = 0. Calculate f(b).
-3
Suppose 14 = -4*a - 2*b, 5*a - 8*b + 7*b = -14. Let s(o) = o**3 + 2*o**2 + o - 1. Calculate s(a).
-13
Suppose -7*u + 6*u - 158 = 3*x, 5*u = 3*x - 772. Let y = u + 149. Let b(l) = l**2 + 3*l - 3. Calculate b(y).
15
Let r(b) = -b**2 - 2*b + 2. Suppose 77 = 4*y + f, 2*f - 5*f - 54 = -3*y. Let m = y + -9. Let d = m - 14. What is r(d)?
-6
Let f be (-3 - -10)*(-18)/(-21). Let k(y) = 2*y**2 - 12*y + 6. Let s be k(f). Let b(u) = u**2 - 6*u - 1. Calculate b(s).
-1
Let r(c) be the first derivative of 4*c**3/3 - 2*c**2 - c + 219. Give r(3).
23
Let z(b) = 11*b - 255. Let p be z(23). Let x(r) = 3*r**3 - 2*r + 1. Calculate x(p).
-19
Let r(p) be the first derivative of p**3/3 + 5*p**2 - 4*p - 117. Calculate r(-9).
-13
Suppose -4*b + 4 = -32. Let w be 51/(-9) + (-3)/b. Let m(a) be the third derivative of -a**6/120 - a**5/12 + a**4/3 + 4*a**3/3 - 6*a**2. What is m(w)?
-4
Let k(m) be the first derivative of -m**2/2 - 8*m + 4. Suppose -v + 32 = -5*r, 0 = 3*r - 10*v + 13*v + 12. What is k(r)?
-2
Suppose -5*j = -8*j - 6. Let d(p) = p**2 - 117*p - 7. Let v(c) = -24*c - 1. Let u(i) = -d(i) + 5*v(i). Give u(j).
4
Let i(l) = l**2 - l + 1. Let r(m) = 7*m**2 - 5*m + 10. Let c(q) = 6*i(q) - r(q). Suppose 2*t = t. Let p be c(t). Let a(s) = -s**2 - 5*s + 2. Give a(p).
6
Let f(x) = -x**3 + 5*x**2 - 3*x + 1. Let u = 66 - 69. Let v(n) = -n**3 + 5*n**2 - 2*n + 2. Let t(o) = u*v(o) + 2*f(o). What is t(5)?
-4
Let l(v) = -1. Let s(m) = 10*m + 30. Let r(g) = 4*g + 12. Let i = -4 + -1. Let j(d) = i*s(d) + 12*r(d). Let n(f) = j(f) - 12*l(f). What is n(5)?
-4
Let n(c) be the second derivative of -5/2*c**2 + 4*c - 8 + 1/6*c**3. Give n(8).
3
Let t be ((-30)/50)/((-1)/10). Let u(h) = -7 - 2*h - t + 3 + 3. Calculate u(-5).
3
Let g = -232 + 237. Let w(p) = p**3 - 5*p**2 - 3*p + 2. What is w(g)?
-13
Let w(n) = n**2 + 2*n - 1. Let q(g) = -8*g**2 - 48*g + 3. Let d be q(-6). What is w(d)?
14
Let q(d) = 13*d - 1. Let s be q(0). Let n(y) = 4*y**3 - 2*y**2 + y + 2. Determine n(s).
-5
Let a(d) be the second derivative of d**7/210 + d**6/360 - d**5/120 - d**4/24 + 23*d**3/6 - 22*d. Let o(w) be the second derivative of a(w). Determine o(-1).
-3
Let q = -30 - -32. Let k(b) = 3*b**3 + 7*b**q - 3*b**3 - 2*b**3 - 8 + 3*b**3. Give k(-7).
-8
Suppose 27 = 3*k - 3*c, 2*k - 46 = -0*k - 5*c. Suppose k = 3*u + 2*t - 0, u = 2*t - 1. Let m(q) = u - 1 - 3*q + q**2 - 1. Determine m(2).
-1
Let j(x) = -38*x + 2 + 2 - 5 + 32*x. Calculate j(1).
-7
Let u(n) = -2*n + 2. Let o be (-760)/475*10/(-8). What is u(o)?
-2
Suppose -87*n + 744 = 48. Let c(b) = -b**2 - 8. Determine c(n).
-72
Suppose 5*l - i + 0 = 126, 0 = 4*i + 4. Let t(n) = -4 + l*n**2 + 0 - 26*n**2 - 2 + 12*n. Give t(12).
-6
Let w = -234 - -239. Let r(z) = -z**3 + 5*z**2 - 7*z + 1. Calculate r(w).
-34
Let w(u) = 2*u - 2. Let n = -2 + 5. Suppose -2*l - 25 - 1 = 4*m, 3*m - 2*l + 9 = 0. Let h(q) = 3*q - 4. Let d(b) = m*w(b) + n*h(b). Determine d(6).
-8
Let g(h) = -59*h - h**2 - 67*h + 131*h + 5. Let w = 25 - 20. Determine g(w).
5
Let n(x) = x**2 + 12*x + 43. Let p(z) = z**2 - 12*z - 7. Let c be p(0). Give n(c).
8
Let t = -13 - -22. Let y(p) = p**3 + 2*p**2 - 4*p. Let n be y(-3). Let o(u) = -3 + t*u - 6*u - u**2 + n*u**2 + 0*u**2. Determine o(-3).
6
Let i(p) be the second derivative of 1/6*p**3 - p**2 + 51*p - 1/4*p**4 + 0 - 1/20*p**5. Determine i(-3).
-5
Let x be 9 + 2 + -6*(-6)/9. Suppose 11 + 184 = x*w. Let g(u) = -u**2 + 14*u - 18. Give g(w).
-5
Let u(g) = g**2 + 5*g + 3. Let s be (4 - 44/12)/((-1)/3). Let z be -3*1*s*(-14)/7. Determine u(z).
9
Let g = 0 - -3. Suppose 10 = g*n + 25. Let i(d) = d**3 + 4*d**2 - 4*d - 1. Let m be i(n). Let a(j) = j**3 + 7*j**2 + 9*j + 7. Determine a(m).
-11
Let h(j) be the second derivative of -j**4/6 + j**3/2 + j**2/2 + 25*j - 2. Determine h(3).
-8
Suppose 0 = 3*v + 5 + 7. Let d be 10/v*(-12)/(-10). Let s(n) = n**2 - n - 3. Calculate s(d).
9
Let g = 945 - 942. Let k(a) = -a**3 + 5*a**2 - 3*a - 2. Calculate k(g).
7
Let u = -636 + 625. Let a(z) = 2*z - 4. What is a(u)?
-26
Let a(m) = m**3 + m**2 + 3*m + 6. Let x be a(-2). Let j(l) = l**2 + 8*l + 22. Let c be j(x). Let h(q) = q**3 - 6*q**2 + 2*q + 1. Calculate h(c).
13
Let o(r) = 5*r - 5 - 18*r + 8*r. Let t(k) = -k. Let m(x) = -o(x) + 6*t(x). Calculate m(0).
5
Let w(n) be the first derivative of n**4 - n**3/3 + n**2 + 566. Calculate w(2).
32
Let y(u) = -u**2 - 26*u + 7. Suppose 26*n - 37 = -713. Determine y(n).
7
Let a(u) be the second derivative of u**6/240 - 41*u**4/12 - 36*u. Let l(i) be the third derivative of a(i). Determine l(2).
6
Let c(p) be the first derivative of -p**3/3 - 3*p**2/2 + 6*p - 337. Calculate c(-7).
-22
Let r(m) = m**3 + 8*m**2 + 9*m + 7. Suppose -7*j + 5*j + b = -17, -3*j + 25 = -b. Let i be j/(-4) - -10*(-4)/8. Give r(i).
-7
Let k(m) = 4 - 5 - 22*m + 46*m - 12*m**2 - 22*m. Determine k(1).
-11
Let h(r) be the first derivative of 7/2*r**2 + 1/3*r**3 - 14 - 8*r. Determine h(-6).
-14
Let b(v) be the second derivative of v**5/20 + v**4/3 - 2*v**3/3 - 3*v**2 - 156*v. What is b(-5)?
-11
Let g(o) = o - 1. Suppose 4*t - 6*t + 12 = 0. Let y be 4 - (-1 - -4) - t. Calculate g(y).
-6
Let g(i) = 3*i**2 + 1 + 2*i - 3*i + 2*i + 1. Let m be (-63)/42 - 2/4. What is g(m)?
12
Let h(q) = 2*q**2 - 24. Let y be h(-4). Let z(k) = k**3 - 7*k**2 - 5*k. Determine z(y).
24
Suppose -175*g = 742 - 181 + 314. Let x(m) = m**2 + 3*m - 3. Let n(a) = -a**2 - 4*a + 2. Let l(c) = 4*n(c) + 3*x(c). Give l(g).
9
Suppose 5*h - 4*a - 17 + 22 = 0, 0 = 2*h + 4*a - 26. Let j(p) be the second derivative of -1/12*p**4 + 0 + p**2 + p + 1/6*p**h. Calculate j(0).
2
Let i(b) be the second derivative of -1/2*b**4 + 0 + 1/2*b**2 + 1/6*b**3 - 40*b. Determine i(-1).
-6
Let c(v) = -3*v + 6. Suppose -4*r - 11 = -5*i + 6, 0 = 4*r - 2*i + 2. Let s be ((-20)/30)/(r/(-18)). Give c(s).
-12
Suppose 12 = 5*o - 23. Let t(f) be the third derivative of -f**4/24 - 2*f**3 - f**2. Let r(a) = -a - 1. Let s(u) = 3*r(u) - t(u). Determine s(o).
-5
Let g(x) = 7*x + 2*x**2 - 4*x**2 + 2 - 3*x**2 - x**2 + 4*x**2. What is g(6)?
-28
Let f(a) = 3*a + 2. Let r(c) = -124*c + 370. Let g be r(3). Determine f(g).
-4
Let m(h) = -h**3 - h**2 + 3*h. Let n(c) = 3*c**2 + 17*c + 7. Suppose -5*z - 20 = -z. Let p be n(z). Calculate m(p).
9
Let y(u) = 3*u**3 + 29*u**2 + 8*u - 2. Let f(n) = n**3 + 10*n**2 + 3*n. Let a(s) = 8*f(s) - 3*y(s). Calculate a(-7).
6
Let i = -11 + 15. Let o(f) = -f**2 - f. Let u(l) = 6*l + 4 - 3*l**2 - 15*l + l**3 + 0*l**2 - 3*l**2. Let w(y) = 3*o(y) - u(y). Calculate w(i).
4
Let p(v) = 709*v**2 - v**3 - 7 + 707*v**2 + 7*v - 1423*v**2. What is p(-8)?
1
Suppose -4*v + 2*g = -36, 27 = 3*v - 2*g - g. Suppose 0 = 4*c - 20, -4*c = -2*r - 5*c + v. Suppose -6 = -r*x - 4. Let y(q) = -3*q + 1. What is y(x)?
-2
Let k(f) = 96 + 2*f**2 + 4*f**2 - 5*f**2 + 5*f - 92. Determine k(-5).
4
Let n(j) = -12*j - 11. Let q(i) = -7*i - 6. Let d(b) = 6*n(b) - 10*q(b). Calculate d(-5).
4
Let y(c) = -c - 6. Suppose 0 = -5*z, -2*v - 20 = -6*v + 3*z. What is y(v)?
-11
Let x(d) = -d + 3. Suppose 4*b = 4*h - 0*b - 176, 3*h - 97 = -4*b. Suppose -33 = -4*z + h. Suppose 5*i - 2 - z = 0. Give x(i).
-1
Suppose 1 + 9 = 5*d. Let c be (-5)/10*(d + -8)*1. Let x(a) = -a**2 - 2*a + 4. What is x(c)?
-11
Let s(y) = -2*y**3 + 2*y**2 - 15*y + 7. Let n be s(0). Let z(p) = -2*p + 6. Determine z(n).
-8
Let c(y) = y**3 + 3*y**2 + 5. Let x(i) = 6*i + 7 + 7*i - i - i**2. Let n be x(13). Let t be 3/(n/(-16)*-2). Calculate c(t).
-11
Let g(u) = -4*u**2 - 6*u - 5. Let x(a) = -20*a**2 - 32*a - 26. Let n(w) = -11*g(w) + 2*x(w). Give n(-4).
59
Let z(a) = 6*a**2 - 3*a - 7. Suppose -12 = -5*d - 32. Let w(g) = 5*g**2 - 3*g - 7. Let n(o) = d*z(o) + 5*w(o). What is n(5)?
3
Suppose 22 = 4*v + 10. Let l be 2 - (v + -1) - -5. Suppose 3*k + 21 = 4*z, 0 = l*z - 10*z - 4*k + 3. Let a(b) = -b**3 + 4*b**2 - 1. Determine a(z).
8
Let f(l) = 8*l**2 + 1 + l - 7*l**2 + 8. Let u be (-5)/((-30)/18) + -3. What is 